{"id":7497,"date":"2023-08-11T16:49:20","date_gmt":"2023-08-11T16:49:20","guid":{"rendered":"https:\/\/www.colortechnik.swiss\/?page_id=7497"},"modified":"2025-12-30T11:37:29","modified_gmt":"2025-12-30T11:37:29","slug":"impressum","status":"publish","type":"page","link":"https:\/\/www.colortechnik.swiss\/fr\/impressum\/","title":{"rendered":"Impressum"},"content":{"rendered":"<div class=\"wpb-content-wrapper\">[mk_page_section bg_image=\u00a0\u00bbhttps:\/\/www.colortechnik.swiss\/wp-content\/uploads\/2015\/12\/kontakt-1.jpg\u00a0\u00bb bg_position=\u00a0\u00bbcenter top\u00a0\u00bb bg_repeat=\u00a0\u00bbno-repeat\u00a0\u00bb bg_stretch=\u00a0\u00bbtrue\u00a0\u00bb bg_gradient=\u00a0\u00bbvertical\u00a0\u00bb video_color_mask=\u00a0\u00bb#5d5e70&Prime; gr_end=\u00a0\u00bb#d2003a\u00a0\u00bb video_opacity=\u00a0\u00bb0.5&Prime; min_height=\u00a0\u00bb500&Prime; js_vertical_centered=\u00a0\u00bbtrue\u00a0\u00bb sidebar=\u00a0\u00bbsidebar-1&Prime;][vc_column][mk_fancy_title color=\u00a0\u00bb#ffffff\u00a0\u00bb size=\u00a0\u00bb60&Prime; font_weight=\u00a0\u00bb400&Prime; txt_transform=\u00a0\u00bbuppercase\u00a0\u00bb letter_spacing=\u00a0\u00bb2&Prime; margin_bottom=\u00a0\u00bb0&Prime; font_family=\u00a0\u00bbnone\u00a0\u00bb align=\u00a0\u00bbcenter\u00a0\u00bb]Impressum<\/p>\n[\/mk_fancy_title][mk_fancy_title color=\u00a0\u00bb#ffffff\u00a0\u00bb size=\u00a0\u00bb18&Prime; font_weight=\u00a0\u00bb300&Prime; txt_transform=\u00a0\u00bbcapitalize\u00a0\u00bb letter_spacing=\u00a0\u00bb10&Prime; font_family=\u00a0\u00bbnone\u00a0\u00bb align=\u00a0\u00bbcenter\u00a0\u00bb]Informations l\u00e9gales et coordonn\u00e9es[\/mk_fancy_title][\/vc_column][\/mk_page_section][vc_row fullwidth=\u00a0\u00bbtrue\u00a0\u00bb fullwidth_content=\u00a0\u00bbfalse\u00a0\u00bb][vc_column][mk_padding_divider size=\u00a0\u00bb50&Prime;][vc_column_text margin_bottom=\u00a0\u00bb0&Prime; css=\u00a0\u00bb.vc_custom_1767094646563{margin-bottom: 0px !important;}\u00a0\u00bb]<strong>Repr\u00e9sentant autoris\u00e9<\/strong><br \/>\nMathias Kekek, Color Technik SA<\/p>\n<p><strong>Inscription au registre du commerce<\/strong><br \/>\nNom de la soci\u00e9t\u00e9 enregistr\u00e9e<br \/>\nColor Technik SA<\/p>\n<p><strong>Nombre<\/strong><br \/>\nColor Technik SA : CHE-110.031.379<\/p>\n<p><strong>Bureau du registre du commerce<\/strong><br \/>\nColor Technik AG: Office du registre du commerce du canton de Saint-Gall<\/p>\n<p><strong>Num\u00e9ro de TVA<\/strong><br \/>\nColor Technik SA : CHE-110.031.379<\/p>\n<p><strong>Clause de non-responsabilit\u00e9<\/strong><br \/>\nL&rsquo;auteur d\u00e9cline toute responsabilit\u00e9 quant \u00e0 l&rsquo;exactitude, la pr\u00e9cision, l&rsquo;actualit\u00e9, la fiabilit\u00e9 et l&rsquo;exhaustivit\u00e9 des informations. Les pr\u00e9tentions en responsabilit\u00e9 \u00e0 l&rsquo;encontre de l&rsquo;auteur pour des dommages mat\u00e9riels ou immat\u00e9riels r\u00e9sultant de l&rsquo;acc\u00e8s, de l&rsquo;utilisation ou de la non-utilisation des informations publi\u00e9es, d&rsquo;une mauvaise utilisation de la connexion ou de d\u00e9fauts techniques sont exclues. Toutes les offres sont sans engagement. L&rsquo;auteur se r\u00e9serve express\u00e9ment le droit de modifier, de compl\u00e9ter ou de supprimer des parties de pages ou l&rsquo;ensemble de l&rsquo;offre sans pr\u00e9avis ou d&rsquo;interrompre temporairement ou d\u00e9finitivement la publication.<\/p>\n<p><strong>Responsabilit\u00e9 pour les liens<\/strong><br \/>\nLes r\u00e9f\u00e9rences et les liens vers des sites Web tiers ne rel\u00e8vent pas de notre domaine de responsabilit\u00e9. Nous d\u00e9clinons toute responsabilit\u00e9 pour ces sites Web. L&rsquo;acc\u00e8s et l&rsquo;utilisation de ces sites Web se font aux risques et p\u00e9rils de l&rsquo;utilisateur.<\/p>\n<p><strong>Droits d&rsquo;auteur<\/strong><br \/>\nLe droit d&rsquo;auteur et tous les autres droits sur le contenu, les images, les photos ou d&rsquo;autres fichiers sur le site Web appartiennent exclusivement \u00e0 Color Technik AG ou aux titulaires de droits sp\u00e9cifiques. L&rsquo;autorisation \u00e9crite des d\u00e9tenteurs des droits d&rsquo;auteur doit \u00eatre obtenue au pr\u00e9alable pour la reproduction de tout \u00e9l\u00e9ment.<\/p>\n<p><strong>Conception, d\u00e9veloppement et design du site web<\/strong><br \/>\nKusko SA<br \/>\nKreuzstrasse 27<br \/>\n9100 H\u00e9risau<\/p>\n<p><a href=\"https:\/\/www.kusko.swiss\">www.kusko.swiss<\/a>[\/vc_column_text][mk_padding_divider size=\u00a0\u00bb50&Prime;][\/vc_column][\/vc_row]\n<\/div>","protected":false},"excerpt":{"rendered":"<p>[mk_page_section bg_image=\u00a0\u00bbhttps:\/\/www.colortechnik.swiss\/wp-content\/uploads\/2015\/12\/kontakt-1.jpg\u00a0\u00bb bg_position=\u00a0\u00bbcenter top\u00a0\u00bb bg_repeat=\u00a0\u00bbno-repeat\u00a0\u00bb bg_stretch=\u00a0\u00bbtrue\u00a0\u00bb bg_gradient=\u00a0\u00bbvertical\u00a0\u00bb video_color_mask=\u00a0\u00bb#5d5e70&Prime; gr_end=\u00a0\u00bb#d2003a\u00a0\u00bb video_opacity=\u00a0\u00bb0.5&Prime; min_height=\u00a0\u00bb500&Prime; js_vertical_centered=\u00a0\u00bbtrue\u00a0\u00bb sidebar=\u00a0\u00bbsidebar-1&Prime;][vc_column][mk_fancy_title color=\u00a0\u00bb#ffffff\u00a0\u00bb size=\u00a0\u00bb60&Prime; font_weight=\u00a0\u00bb400&Prime; txt_transform=\u00a0\u00bbuppercase\u00a0\u00bb letter_spacing=\u00a0\u00bb2&Prime; margin_bottom=\u00a0\u00bb0&Prime; font_family=\u00a0\u00bbnone\u00a0\u00bb align=\u00a0\u00bbcenter\u00a0\u00bb]Impressum [\/mk_fancy_title][mk_fancy_title color=\u00a0\u00bb#ffffff\u00a0\u00bb size=\u00a0\u00bb18&Prime; font_weight=\u00a0\u00bb300&Prime; txt_transform=\u00a0\u00bbcapitalize\u00a0\u00bb letter_spacing=\u00a0\u00bb10&Prime; font_family=\u00a0\u00bbnone\u00a0\u00bb align=\u00a0\u00bbcenter\u00a0\u00bb]Informations l\u00e9gales et coordonn\u00e9es[\/mk_fancy_title][\/vc_column][\/mk_page_section][vc_row fullwidth=\u00a0\u00bbtrue\u00a0\u00bb fullwidth_content=\u00a0\u00bbfalse\u00a0\u00bb][vc_column][mk_padding_divider size=\u00a0\u00bb50&Prime;][vc_column_text margin_bottom=\u00a0\u00bb0&Prime; css=\u00a0\u00bb.vc_custom_1767094646563{margin-bottom: 0px !important;}\u00a0\u00bb]Repr\u00e9sentant autoris\u00e9 Mathias Kekek, Color Technik SA Inscription au registre du commerce Nom de la soci\u00e9t\u00e9 enregistr\u00e9e [&hellip;]<\/p>\n","protected":false},"author":20,"featured_media":0,"parent":0,"menu_order":0,"comment_status":"closed","ping_status":"closed","template":"","meta":{"footnotes":""},"class_list":["post-7497","page","type-page","status-publish","hentry"],"_links":{"self":[{"href":"https:\/\/www.colortechnik.swiss\/fr\/wp-json\/wp\/v2\/pages\/7497","targetHints":{"allow":["GET"]}}],"collection":[{"href":"https:\/\/www.colortechnik.swiss\/fr\/wp-json\/wp\/v2\/pages"}],"about":[{"href":"https:\/\/www.colortechnik.swiss\/fr\/wp-json\/wp\/v2\/types\/page"}],"author":[{"embeddable":true,"href":"https:\/\/www.colortechnik.swiss\/fr\/wp-json\/wp\/v2\/users\/20"}],"replies":[{"embeddable":true,"href":"https:\/\/www.colortechnik.swiss\/fr\/wp-json\/wp\/v2\/comments?post=7497"}],"version-history":[{"count":10,"href":"https:\/\/www.colortechnik.swiss\/fr\/wp-json\/wp\/v2\/pages\/7497\/revisions"}],"predecessor-version":[{"id":7895,"href":"https:\/\/www.colortechnik.swiss\/fr\/wp-json\/wp\/v2\/pages\/7497\/revisions\/7895"}],"wp:attachment":[{"href":"https:\/\/www.colortechnik.swiss\/fr\/wp-json\/wp\/v2\/media?parent=7497"}],"curies":[{"name":"wp","href":"https:\/\/api.w.org\/{rel}","templated":true}]}}

<div class="wpb-content-wrapper">[mk_page_section bg_image= »https://www.colortechnik.swiss/wp-content/uploads/2015/12/kontakt-1.jpg » bg_position= »center top » bg_repeat= »no-repeat » bg_stretch= »true » bg_gradient= »vertical » video_color_mask= »#5d5e70&Prime; gr_end= »#d2003a » video_opacity= »0.5&Prime; min_height= »500&Prime; js_vertical_centered= »true » sidebar= »sidebar-1&Prime;][vc_column][mk_fancy_title color= »#ffffff » size= »60&Prime; font_weight= »400&Prime; txt_transform= »uppercase » letter_spacing= »2&Prime; margin_bottom= »0&Prime; font_family= »none » align= »center »]Impressum</p>
[/mk_fancy_title][mk_fancy_title color= »#ffffff » size= »18&Prime; font_weight= »300&Prime; txt_transform= »capitalize » letter_spacing= »10&Prime; font_family= »none » align= »center »]Informations légales et coordonnées[/mk_fancy_title][/vc_column][/mk_page_section][vc_row fullwidth= »true » fullwidth_content= »false »][vc_column][mk_padding_divider size= »50&Prime;][vc_column_text margin_bottom= »0&Prime; css= ».vc_custom_1767094646563{margin-bottom: 0px !important;} »]<strong>Représentant autorisé</strong><br />
Mathias Kekek, Color Technik SA</p>
<p><strong>Inscription au registre du commerce</strong><br />
Nom de la société enregistrée<br />
Color Technik SA</p>
<p><strong>Nombre</strong><br />
Color Technik SA : CHE-110.031.379</p>
<p><strong>Bureau du registre du commerce</strong><br />
Color Technik AG: Office du registre du commerce du canton de Saint-Gall</p>
<p><strong>Numéro de TVA</strong><br />
Color Technik SA : CHE-110.031.379</p>
<p><strong>Clause de non-responsabilité</strong><br />
L&rsquo;auteur décline toute responsabilité quant à l&rsquo;exactitude, la précision, l&rsquo;actualité, la fiabilité et l&rsquo;exhaustivité des informations. Les prétentions en responsabilité à l&rsquo;encontre de l&rsquo;auteur pour des dommages matériels ou immatériels résultant de l&rsquo;accès, de l&rsquo;utilisation ou de la non-utilisation des informations publiées, d&rsquo;une mauvaise utilisation de la connexion ou de défauts techniques sont exclues. Toutes les offres sont sans engagement. L&rsquo;auteur se réserve expressément le droit de modifier, de compléter ou de supprimer des parties de pages ou l&rsquo;ensemble de l&rsquo;offre sans préavis ou d&rsquo;interrompre temporairement ou définitivement la publication.</p>
<p><strong>Responsabilité pour les liens</strong><br />
Les références et les liens vers des sites Web tiers ne relèvent pas de notre domaine de responsabilité. Nous déclinons toute responsabilité pour ces sites Web. L&rsquo;accès et l&rsquo;utilisation de ces sites Web se font aux risques et périls de l&rsquo;utilisateur.</p>
<p><strong>Droits d&rsquo;auteur</strong><br />
Le droit d&rsquo;auteur et tous les autres droits sur le contenu, les images, les photos ou d&rsquo;autres fichiers sur le site Web appartiennent exclusivement à Color Technik AG ou aux titulaires de droits spécifiques. L&rsquo;autorisation écrite des détenteurs des droits d&rsquo;auteur doit être obtenue au préalable pour la reproduction de tout élément.</p>
<p><strong>Conception, développement et design du site web</strong><br />
Kusko SA<br />
Kreuzstrasse 27<br />
9100 Hérisau</p>
<p><a href="https://www.kusko.swiss">www.kusko.swiss</a>[/vc_column_text][mk_padding_divider size= »50&Prime;][/vc_column][/vc_row]
</div>

<p>[mk_page_section bg_image= »https://www.colortechnik.swiss/wp-content/uploads/2015/12/kontakt-1.jpg » bg_position= »center top » bg_repeat= »no-repeat » bg_stretch= »true » bg_gradient= »vertical » video_color_mask= »#5d5e70&Prime; gr_end= »#d2003a » video_opacity= »0.5&Prime; min_height= »500&Prime; js_vertical_centered= »true » sidebar= »sidebar-1&Prime;][vc_column][mk_fancy_title color= »#ffffff » size= »60&Prime; font_weight= »400&Prime; txt_transform= »uppercase » letter_spacing= »2&Prime; margin_bottom= »0&Prime; font_family= »none » align= »center »]Impressum [/mk_fancy_title][mk_fancy_title color= »#ffffff » size= »18&Prime; font_weight= »300&Prime; txt_transform= »capitalize » letter_spacing= »10&Prime; font_family= »none » align= »center »]Informations légales et coordonnées[/mk_fancy_title][/vc_column][/mk_page_section][vc_row fullwidth= »true » fullwidth_content= »false »][vc_column][mk_padding_divider size= »50&Prime;][vc_column_text margin_bottom= »0&Prime; css= ».vc_custom_1767094646563{margin-bottom: 0px !important;} »]Représentant autorisé Mathias Kekek, Color Technik SA Inscription au registre du commerce Nom de la société enregistrée [&hellip;]</p>
